14134310?
14200140
In base 3, what is 11011 + 1201200220?
1201212001
In base 4, what is 23 + -1110111221211?
-1110111221122
In base 15, what is 560792 + 13?
5607a5
In base 8, what is 236522 + 21?
236543
In base 14, what is 14855c0 - 1?
14855bd
In base 7, what is -15125202 + -341?
-15125543
In base 3, what is 1000222021000 - 2?
1000222020221
In base 16, what is b - -e8cec?
e8cf7
In base 12, what is 7 + 3700522?
3700529
In base 5, what is 10423 + 14414144?
14430122
In base 14, what is 390a7 - 15a?
38d4b
In base 8, what is -351 - 41705?
-42256
In base 2, what is -1110000010010 + -10011110?
-1110010110000
In base 15, what is 11d - 44e79?
-44d5b
In base 5, what is 1 + -2331320430?
-2331320424
In base 4, what is -30033121111 + -131?
-30033121302
In base 10, what is -196913668 - 4?
-196913672
In base 6, what is -2424225 + -1220?
-2425445
In base 10, what is 33246 + 527?
33773
In base 5, what is 14 - 10204103220?
-10204103201
In base 9, what is -213404660 - -2?
-213404657
In base 6, what is -15 + -31504131?
-31504150
In base 4, what is 3030300321 - 0?
3030300321
In base 15, what is -14b24b + 301?
-14ae4a
In base 11, what is -1555a7 + -28a?
-155886
In base 2, what is -10011010000000 + -10100101011?
-10101110101011
In base 12, what is 2009a4510 + 0?
2009a4510
In base 3, what is 1121 + 201220201201111?
201220201210002
In base 4, what is -30 + -2130112332130?
-2130112332220
In base 8, what is -75 + 2511275?
2511200
In base 5, what is 23340110043 + 21?
23340110114
In base 10, what is -536653 - -6?
-536647
In base 6, what is 51455 + 2505?
54404
In base 14, what is -4d732c - -34?
-4d72d8
In base 5, what is 11 - -341240120?
341240131
In base 8, what is 104 - 25046125?
-25046021
In base 5, what is 43230201142 - -10?
43230201202
In base 7, what is 325253 - 23312?
301641
In base 10, what is 5334 - -177?
5511
In base 7, what is -455001 - 252?
-455253
In base 4, what is 31333230303103 + 2?
31333230303111
In base 4, what is 10110 - -1312012103?
1312022213
In base 3, what is 101101100010022 - 121?
101101100002201
In base 14, what is a + 6732a7?
6732b3
In base 12, what is -7b2a642 + 2?
-7b2a640
In base 3, what is 120201 - -12021012?
12211220
In base 12, what is 141915 + 220?
141b35
In base 13, what is 5 + a1a9385?
a1a938a
In base 9, what is 244 + 1873731?
1874075
In base 16, what is d4 + -1957c8?
-1956f4
In base 7, what is -565 + -231233?
-232131
In base 3, what is 22001112212001 + -2000?
22001112210001
In base 2, what is 100111001100000100 + 100111110?
100111010001000010
In base 7, what is 3 - 24313112?
-24313106
In base 2, what is -10001 + 1001010100011110011111011?
1001010100011110011101010
In base 4, what is -332211320 + 12200?
-332133120
In base 13, what is 67c5570 - 15?
67c5558
In base 6, what is 30234502 + -31?
30234431
In base 8, what is -3441621513 - 5?
-3441621520
In base 14, what is -2 - -191cc8c?
191cc8a
In base 16, what is -3228 - -3d8?
-2e50
In base 10, what is 396435 + 950?
397385
In base 5, what is 4 - 212102324103?
-212102324044
In base 3, what is -100 - 10101000210101?
-10101000210201
In base 3, what is 10102012022 - 2120112?
10022121210
In base 10, what is -2 - -4299742?
4299740
In base 4, what is -10303011310011 + 11?
-10303011310000
In base 5, what is -20 + -311112234?
-311112304
In base 6, what is 11302212333 - -4?
11302212341
In base 11, what is -29177 - -185?
-28aa2
In base 7, what is -4515112 - 55?
-4515200
In base 9, what is 62542 - -2230?
64772
In base 15, what is 2 + -5cd5a60?
-5cd5a5d
In base 12, what is -56649 + -1581?
-5800a
In base 2, what is 100 - 11000011100001111001?
-11000011100001110101
In base 7, what is 163312623 - 11?
163312612
In base 9, what is 2430 + 64441?
66871
In base 7, what is 146610 + 632?
150542
In base 4, what is -2123 - -22310221?
22302032
In base 3, what is -112001200 - -200001?
-111101122
In base 2, what is -1000110 - -111101111000011110?
111101110111011000
In base 11, what is -3175 + -673?
-3838
In base 5, what is -4 - 31312043310?
-31312043314
In base 12, what is 7 + -b5a379?
-b5a372
In base 6, what is -2041003 - 452?
-2041455
In base 7, what is 14 + -4550665?
-4550651
In base 6, what is -3 - -23015442?
23015435
In base 10, what is -1711 + -10604?
-12315
In base 11, what is -87079 - -258?
-86921
In base 11, what is 617 + 31847a?
318a96
In base 5, what is -4 + -2112042012?
-2112042021
In base 4, what is 120333133 - 1003?
120332130
In base 12, what is -3a170339 - 3?
-3a170340
In base 12, what is -171 + 17220b?
17205a
In base 8, what is -72 + -632457?
-632551
In base 3, what is -1 + -10220021011221112?
-10220021011221120
In base 3, what is 220010021 + 1011?
220011102
In base 2, what is -1000 - 100010001010101110?
-100010001010110110
In base 8, what is 57026 + 1114?
60142
In base 6, what is 4514 - 13102404?
-13053450
In base 12, what is 38 - -33a801?
33a839
In base 12, what is 732905 + -2a?
732897
In base 5, what is 122313204 + 43?
122313302
In base 12, what is 0 - -28281a89?
28281a89
In base 6, what is 321514213 + 22?
321514235
In base 5, what is 1432202 - 3222?
1423430
In base 13, what is -33b + -28842?
-28b80
In base 11, what is 938 + 19a83?
1a910
In base 5, what is 1230204031 + 12?
1230204043
In base 6, what is -144123 - -1323?
-142400
In base 4, what is -102223033 + -1232?
-102230331
In base 8, what is -13352140 - 5?
-13352145
In base 4, what is 12121100202 - 3?
12121100133
In base 7, what is -544 - -6246?
5402
In base 4, what is 10 + 331333320?
331333330
In base 2, what is 1100000 - 1010101010111101010?
-1010101010110001010
In base 6, what is 5 + 1110341?
1110350
In base 11, what is 3a + -305432?
-3053a3
In base 7, what is 601552 + 436?
602321
In base 15, what is 32c - 9170?
-8d43
In base 4, what is 132 - -103320031023?
103320031221
In base 9, what is 0 + -532651600?
-532651600
In base 7, what is 4 + -1031204221?
-1031204214
In base 11, what is 135533836 - -1?
135533837
In base 5, what is 104 - -10334310?
10334414
In base 5, what is -104313 + 331402?
222034
In base 9, what is 104888 + 633?
105632
In base 11, what is 7 - 78062a6?
-780629a
In base 13, what is 1 - -942102?
942103
In base 3, what is -222 + 201002011021?
201002010022
In base 11, what is 4 + -2976a34?
-2976a30
In base 5, what is -112 - 10130311422?
-10130312034
In base 9, what is -160 + 365524?
365354
In base 15, what is -2717974 - 5?
-2717979
In base 3, what is 12 - 210000101122000?
-210000101121211
In base 3, what is 11011100100012112 - 0?
11011100100012112
In base 4, what is -2 - -111120110323?
111120110321
In base 3, what is -102 - 110201022122120?
-110201022122222
In base 7, what is 413 + 15642554?
15643300
In base 5, what is -1332333223242 - 2?
-1332333223244
In base 14, what is 0 + -12a5283c?
-12a5283c
In base 10, what is -12 - 1451512?
-1451524
In base 16, what is 5a + e7f?
ed9
In base 11, what is -4 + 5622a8a?
5622a86
In base 14, what is -253d + c5d5?
a096
In base 4, what is 122 + 11120323231?
11120330013
In base 3, what is -200000202101220 - 100?
-200000202102020
In base 13, what is -cba + -90a74?
-91a61
In base 11, what is 7 - -278344?
278350
In base 14, what is 9c - 11933?
-11875
In base 15, what is 2 - 18574344?
-18574342
In base 5, what is 10111020 + -4120?
10101400
In base 7, what is -56210 + 144252?
55042
In base 6, what is 22135015 - 15?
22135000
In base 6, what is 35 + -2201104?
-2201025
In base 13, what is 2756b7 - c?
2756a8
In base 16, what is 18a + -21414?
-2128a
In base 7, what is -614 + 503010?
502063
In base 2, what is 100100110000001 - -110000001?
100101100000010
In base 13, what is -21acc + -5a7?
-223a6
In base 11, what is 2a36240 + 57?
2a36297
In base 10, what is -1634 + -1150?
-2784
In base 4, what is -2013 - 2321132201?
-2321200220
In base 16, what is -74c1 + -c57?
-8118
In base 11, what is 1031 + 62385?
63406
In base 5, what is 2 - 42310141002?
-42310141000
In base 6, what is 153454010 + -5?
153454001
In base 15, what is 379b2b0 + 0?
379b2b0
In base 13, what is c89 - 42bb?
-3332
In base 9, what is -1241 - -24385?
23144
In base 2, what is -1101111 + -101100011101000100?
-101100011110110011
In base 12, what is 44a8ab06 + -5?
44a8ab01
In base 11, what is -1728198 - 2?
-172819a
In base 9, what is -4 - 142564842?
-142564846
In base 12, what is -16 + 609b81?
609b67
In base 7, what is 563064021 - 1?
563064020
In base 14, 